22)?
-7
Let a(k) = 4*k**2 + 593*k - 28980. Calculate a(-187).
5
Let x(k) = k**2 - 155*k + 5668. Calculate x(57).
82
Let h(k) = 5*k**3 - 20*k**2 + 192*k - 928. Calculate h(5).
157
Let o(t) = -t**3 - 17*t**2 - 47*t - 160. What is o(-16)?
336
Let z(q) = -4*q**2 - 69*q + 682. Give z(10).
-408
Let c(g) = 3*g**2 - 1670*g + 127132. Give c(91).
5
Let b(r) = -9295*r + 86553. What is b(9)?
2898
Let o(i) = -i**2 + 6098*i + 159210. Give o(-26).
-14
Let b(z) = -36*z + 1479. Determine b(30).
399
Let u(n) = -52147*n - 521591. Give u(-10).
-121
Let f(t) = 15*t**3 + 658*t**2 - 183*t - 4196. What is f(-44)?
-16
Let j(x) = -10*x**3 - 14*x**2 + 3*x - 48. Calculate j(0).
-48
Let g(x) = -39*x**3 + 2*x**2 - 6*x + 4. Calculate g(-3).
1093
Let q(f) = 4*f**3 - 19*f**2 - 24*f + 4. What is q(11)?
2765
Let n(y) = 3*y**3 - 54*y**2 + 173*y - 614. What is n(15)?
-44
Let i(y) = y**2 - 2577*y + 25753. Determine i(10).
83
Let i(v) = 246*v**2 - 449*v - 8. Give i(2).
78
Let v(f) = 4360*f**2 + 82851*f + 184. Give v(-19).
-25
Let f(b) = b**2 - 308*b + 1168. Calculate f(4).
-48
Let w(a) = -5*a**3 - 51*a**2 + 9204*a + 92117. What is w(-10)?
-23
Let n(y) = -y**3 + 165*y**2 + 5184*y - 74. Determine n(192).
-74
Let z(o) = 6685*o - 26740. What is z(4)?
0
Let l(o) = -1510*o - 1521. What is l(-1)?
-11
Let l(h) = h**3 - 65*h**2 - 177*h + 19066. Give l(63).
-23
Let t(r) = r**2 + 81*r + 2560. Give t(-72).
1912
Let g(l) = -13*l**2 - 96*l - 328. Give g(-10).
-668
Let o(a) = 4826*a + 207561. Determine o(-43).
43
Let k(a) = 4*a**2 + 3108*a + 129014. Calculate k(-44).
6
Let f(l) = l**3 + 92*l**2 - 1439*l + 121937. Give f(-114).
71
Let g(d) = -19360*d - 5536952. What is g(-286)?
8
Let t(k) = -4*k**3 + 50*k**2 - 98*k - 210. Give t(4).
-58
Let c(n) = -3*n**3 - 11*n**2 - 148*n - 774. Determine c(-5).
66
Let t(u) = -642*u + 23595. What is t(35)?
1125
Let i(h) = -21*h**2 - 481*h - 2123. Determine i(-6).
7
Let i(k) = k**2 - 2207*k + 149597. Calculate i(70).
7
Let m(g) = -g**2 - 2031*g - 326453. Calculate m(-176).
27
Let z(c) = 12*c**2 + 1438*c - 987683. Calculate z(-353).
11
Let p(s) = -7*s**3 - 60*s**2 + 110*s + 28. Determine p(2).
-48
Let v(l) = -402*l + 88. What is v(1)?
-314
Let l(n) = -799*n + 298012. Determine l(373).
-15
Let s(u) = u**3 - 13*u**2 - 215*u - 3. Give s(-9).
150
Let x(k) = -k**3 - 53*k**2 + 3329*k - 50. Determine x(-90).
40
Let y(h) = -h**3 - 153*h**2 + 1967*h - 2114. Give y(-165).
31
Let o(c) = -7139*c - 107136. What is o(-15)?
-51
Let q(p) = -15*p**3 + 1479*p**2 + 4511*p - 176. What is q(-3)?
7
Let t(a) = 20*a**2 - 30*a - 509. Calculate t(-4).
-69
Let v(c) = 2*c**3 - 228*c**2 + 226*c - 139. What is v(113)?
-139
Let i(v) = -4*v**2 - 65022*v + 585524. Calculate i(9).
2
Let x(q) = 2*q**3 + 297*q**2 - 147*q + 301. Give x(-149).
3
Let i(j) = 47*j**2 + 129*j + 42. Calculate i(2).
488
Let w(f) = -10376*f - 40740. Calculate w(-4).
764
Let s(v) = v**3 + 47*v**2 + 271*v + 24217. Give s(-51).
-8
Let m(r) = -9792*r - 39173. Give m(-4).
-5
Let k(s) = 1310*s**2 + 10478*s - 18. What is k(-8)?
-2
Let v(w) = 172*w - 29136. Determine v(169).
-68
Let c(s) = -2*s**3 - 134*s**2 + 1749*s - 2080. Determine c(10).
10
Let b(p) = -1441*p - 264941. Calculate b(-184).
203
Let k(y) = -230622*y - 71031572. Calculate k(-308).
4
Let q(j) = -j**3 + 596*j**2 + 4866*j - 20544. Determine q(604).
-8
Let q(x) = -1205*x + 13276. Give q(11).
21
Let k(l) = -l**3 - 6*l**2 - 56*l + 92. Calculate k(0).
92
Let k(d) = -3*d**3 + 442*d**2 + 300*d - 187. Calculate k(148).
405
Let z(p) = 14*p**2 - 79*p - 5070. Give z(22).
-32
Let y(h) = 494*h - 1354. Calculate y(0).
-1354
Let y(x) = x**3 + 186*x**2 - 970*x - 146415. Give y(-187).
6
Let k(l) = -667*l**2 - 6*l - 5. What is k(-2)?
-2661
Let r(s) = 3846*s - 1603792. Give r(417).
-10
Let s(n) = -n**3 + 195*n**2 - 1685*n + 87. Determine s(9).
-12
Let f(t) = 7*t**2 - 104*t - 749. Give f(20).
-29
Let p(i) = 10*i**3 - 210*i**2 - 242*i + 93. Calculate p(22).
-391
Let g(i) = -i**2 - 298*i - 6704. Give g(-275).
-379
Let r(a) = -410*a - 25185. Give r(-61).
-175
Let k(m) = m**2 + 1779*m - 41988. Determine k(23).
-542
Let p(q) = -1859*q**2 - 109*q + 110. Calculate p(1).
-1858
Let m(y) = -7*y**2 + 101*y - 93. Calculate m(13).
37
Let k(s) = s**3 + 179*s**2 + 2569*s - 6350. Determine k(-163).
7
Let f(d) = 7*d**2 + 331*d - 451. Determine f(-54).
2087
Let i(p) = 1430*p - 42889. Calculate i(30).
11
Let f(s) = 32*s**2 - 7248*s - 3510. What is f(227)?
122
Let f(y) = -984721*y - 1969430. Calculate f(-2).
12
Let z(d) = 2*d**2 + 319*d - 120. Calculate z(-156).
-1212
Let j(f) = 927*f**2 + 14825*f + 26. Calculate j(-16).
138
Let f(g) = -51*g**2 - 743*g + 340. Give f(-15).
10
Let a(u) = 126003*u - 12600311. Calculate a(100).
-11
Let n(q) = 1888*q - 62510. What is n(33)?
-206
Let w(j) = -2*j**3 + 17*j**2 - 3664*j + 36934. What is w(10)?
-6
Let r(u) = 2*u**2 - 188*u - 127. Calculate r(86).
-1503
Let l(g) = -95*g - 7336. Give l(-74).
-306
Let s(f) = 161*f + 5542. Determine s(-32).
390
Let j(d) = -214*d + 1332. What is j(6)?
48
Let g(a) = -1509*a + 3043. Determine g(2).
25
Let s(l) = -191007*l + 15662583. What is s(82)?
9
Let m(l) = -2*l**3 - 522*l**2 + 562*l + 9627. Give m(-262).
-329
Let x(l) = 414*l + 2070. What is x(-6)?
-414
Let i(m) = m**3 - 78*m**2 + 396*m - 170. Calculate i(5).
-15
Let t(b) = -6767*b - 54121. Determine t(-8).
15
Let v(m) = 2*m**3 - 463*m**2 - 21454*m + 12184. Calculate v(271).
-11
Let i(w) = 2*w**2 - 12827*w - 1528134. What is i(-117)?
3
Let d(l) = l**3 - 42*l**2 + 75*l + 121. What is d(40)?
-79
Let i(y) = 338*y**2 - 160*y - 172. Determine i(1).
6
Let b(t) = 10*t**3 + 1041*t**2 + 105*t + 246. What is b(-104)?
142
Let g(t) = 1000*t + 571. Determine g(-1).
-429
Let d(u) = 2*u**2 - 7381*u + 22142. Calculate d(3).
17
Let h(y) = 17084*y - 683777. Determine h(40).
-417
Let v(p) = -3*p**3 + 369*p**2 + 1518*p - 4. Give v(-4).
20
Let c(z) = 139310*z + 8358597. Determine c(-60).
-3
Let w(m) = 99647*m + 797184. What is w(-8)?
8
Let j(c) = 19039*c - 3312782. Determine j(174).
4
Let p(u) = 12*u**2 + 525*u - 26773. What is p(-74)?
89
Let f(j) = -7*j**2 + 1028*j + 7547. Give f(-7).
8
Let c(z) = -85*z + 436. Calculate c(5).
11
Let u(i) = -28612*i + 230042. Give u(8).
1146
Let w(j) = -j**3 + 27*j**2 - 141*j - 660. Give w(16).
-100
Let m(x) = x**3 + 818*x**2 + 24376*x - 16516. What is m(-787)?
11
Let b(q) = q**3 - 40*q**2 + 170*q + 206. What is b(38)?
3778
Let r(x) = -13*x**2 + 345*x + 2315. Determine r(32).
43
Let n(z) = 8379*z + 8228. Determine n(-1).
-151
Let i(p) = 10*p**2 - 5*p - 996. Determine i(10).
-46
Let g(m) = 20771*m + 1017807. Determine g(-49).
28
Let w(i) = -3109108*i + 62182166. What is w(20)?
6
Let z(a) = 743*a + 2714. Give z(0).
2714
Let b(f) = 33*f**2 + 541*f + 520. Determine b(-1).
12
Let r(u) = -2*u**3 + 48*u**2 - 165*u + 1657. What is r(22)?
-37
Let v(j) = 72582*j + 870999. Calculate v(-12).
15
Let t(z) = z**3 - 831*z**2 - 1591*z - 62475. Calculate t(833).
0
Let j(d) = d**3 - 144*d**2 - 9*d + 541. What is j(144)?
-755
Let h(p) = 23*p**2 + 3249*p + 9501. Calculate h(-3).
-39
Let i(d) = d**3 + 14422*d**2 + 43264*d + 21. Calculate i(-3).
0
Let h(a) = -3*a**3 - 339*a**2 + 3280*a - 1707. Determine h(-122).
1
Let f(q) = 169483*q + 17965193. Determine f(-106).
-5
Let j(m) = 4602*m + 91911. Determine j(-20).
-129
Let n(b) = 82*b**3 + 3*b**2 + 24*b + 19. Determine n(-2).
-673
Let s(q) = -1914*q - 233452. Determine s(-122).
56
Let c(l) = -4*l**2 - 1641*l - 146887. What is c(-133)?
610
Let h(q) = -1697*q + 5050. Determine h(3).
-41
Let f(w) = -369*w**2 - 8*w + 9. Calculate f(1).
-368
Let y(r) = 1357*r - 26342. Calculate y(19).
-559
Let m(q) = -6*q**3 + 135*q**2 + 562*q - 11342. Calculate m(23).
-3
Let b(t) = -33*t**2 - 1351*t + 87. What is b(-41)?
5
Let n(l) = -l**3 - 38*l**2 + 6827*l + 20774. What is n(-3)?
-22
Let o(h) = -18*h**2 + 687*h - 161. What is o(38)?
-47
Let b(k) = -k**3 - 208*k**2 - 5315*k + 4454. What is b(-178)?
4
Let q(d) = d**3 + 30*d**2 - 261*d - 5724. Give q(-12).
0
Let i(h) = -27793*h + 2223444. Determine i(80).
4
Let x(c) = 90*c + 10819. Determine x(-126).
-521
Let c(b) = 18*b**2 + 9575*b + 130005. Determine c(-518).
-13
Let f(z) = -z**3 - z**2 + 106*z + 640. Calculate f(-7).
192
Let d(i) = 22070*i + 1875975. Calculate d(-85).
25
Let v(q) = 2*q**3 - 158*q**2 - 353*q + 1540